, what is -3 + -1886?
-2000
In base 6, what is 11422 - 1?
11421
In base 6, what is -54 - 152?
-250
In base 11, what is 3340 - -4?
3344
In base 12, what is 36 + 1?
37
In base 11, what is 12 + 114?
126
In base 16, what is -4 - 3d5?
-3d9
In base 12, what is -a + 19?
b
In base 2, what is 0 - -110110?
110110
In base 11, what is -197 - 3?
-19a
In base 8, what is -5 - -277?
272
In base 15, what is 0 + -4d?
-4d
In base 5, what is -3 + 12221?
12213
In base 4, what is -112 + 3?
-103
In base 3, what is -10 - -10021?
10011
In base 2, what is -1111111 + 11?
-1111100
In base 13, what is 4 + -154?
-150
In base 6, what is 344 + -354?
-10
In base 7, what is -4 + -136?
-143
In base 10, what is 257 - -103?
360
In base 4, what is -31 + 30200?
30103
In base 9, what is -4 + 3821?
3816
In base 10, what is 19 + -18?
1
In base 6, what is 50 + 4224?
4314
In base 3, what is 1002 - 2200?
-1121
In base 13, what is -141 + 9?
-135
In base 3, what is 12 + -11000221?
-11000202
In base 7, what is -6 + 35?
26
In base 16, what is 5fd - -1?
5fe
In base 13, what is 3138c - 1?
3138b
In base 11, what is 2 + -245?
-243
In base 9, what is 1244 - 6?
1237
In base 12, what is 1a + 1a?
38
In base 9, what is -77 + -17?
-105
In base 5, what is -1113 + -101?
-1214
In base 13, what is 59b - 2?
599
In base 16, what is -5 + -3?
-8
In base 7, what is -15 - -11?
-4
In base 10, what is -71 - -331?
260
In base 8, what is -44275 - 2?
-44277
In base 11, what is -4 + -219?
-222
In base 7, what is 6242 - -4?
6246
In base 4, what is 103 + 1301?
2010
In base 16, what is 12 - 10?
2
In base 7, what is 5 - -225?
233
In base 3, what is 1121210 + 1?
1121211
In base 12, what is -6 - -9b?
95
In base 14, what is -12 + 26?
14
In base 10, what is -3094 - -1?
-3093
In base 9, what is -25 + 114?
78
In base 3, what is -112121 + 2?
-112112
In base 11, what is 542 - -5?
547
In base 2, what is -1101 + 11?
-1010
In base 7, what is -5 + 524?
516
In base 3, what is -2 - 1020000?
-1020002
In base 12, what is 22 + -10?
12
In base 4, what is 3 - 12021?
-12012
In base 13, what is 3 + 3c?
42
In base 10, what is 4 - 4006?
-4002
In base 7, what is -54 - 30?
-114
In base 13, what is -c4 + 5?
-bc
In base 5, what is 4 + 314?
323
In base 10, what is -2 + 2442?
2440
In base 9, what is -145 + 2?
-143
In base 14, what is -6 + -7?
-d
In base 3, what is 10100 - -2?
10102
In base 6, what is 241 + 5?
250
In base 15, what is 0 + 656?
656
In base 8, what is 177 - 4?
173
In base 8, what is 1110 + -2?
1106
In base 10, what is 51 - -54?
105
In base 8, what is -24 + -36?
-62
In base 7, what is -2 + -310?
-312
In base 7, what is 15252 - 2?
15250
In base 3, what is -210 - -101?
-102
In base 9, what is 3 - 334?
-331
In base 9, what is 1000 + -2?
887
In base 10, what is -9 - -13?
4
In base 14, what is -4 - -142?
13c
In base 9, what is -3 + 6?
3
In base 16, what is 8c - -1a?
a6
In base 12, what is 0 + 379?
379
In base 14, what is 0 - -2b?
2b
In base 3, what is -10 - -1001?
221
In base 3, what is -10 + -2?
-12
In base 6, what is -3 + -13?
-20
In base 14, what is -2 + 70?
6c
In base 3, what is 11 - 1212?
-1201
In base 3, what is 111002 - 10?
110222
In base 16, what is 0 + -2c?
-2c
In base 12, what is -1b1b + 0?
-1b1b
In base 9, what is 23 + -27?
-4
In base 6, what is 145 - -1101?
1250
In base 4, what is 113033 - 0?
113033
In base 4, what is -20 - -1321?
1301
In base 5, what is -1421 + 0?
-1421
In base 10, what is -10 - -10?
0
In base 16, what is 1 - -b?
c
In base 6, what is -3 + -352?
-355
In base 5, what is -14 + -131?
-200
In base 11, what is 45 + 7?
51
In base 7, what is 5 - 1063?
-1055
In base 13, what is 4 + -152?
-14b
In base 7, what is 0 - 3235?
-3235
In base 14, what is 2 - -5d1?
5d3
In base 12, what is -309 - 0?
-309
In base 10, what is 2 - 455?
-453
In base 12, what is 168 + 1a?
186
In base 10, what is -43 + -2?
-45
In base 11, what is 7 + -8?
-1
In base 3, what is -1 + -1111?
-1112
In base 2, what is -1 - -101101100?
101101011
In base 9, what is -2 + 200?
187
In base 7, what is -655 + 3?
-652
In base 12, what is 2 - 4?
-2
In base 13, what is -1bac + -2?
-1bb1
In base 6, what is -5 + -323?
-332
In base 11, what is -3 - -17?
14
In base 4, what is -11 - 230?
-301
In base 9, what is 22 + -6?
15
In base 6, what is -52 - -3?
-45
In base 13, what is 39 + -6?
33
In base 15, what is 5 - -7ca?
7d0
In base 10, what is 93 - 29?
64
In base 7, what is -14222 - 2?
-14224
In base 15, what is -4 - -38?
34
In base 5, what is 2141 + -1?
2140
In base 7, what is -40 - 14?
-54
In base 14, what is -22d + 5?
-228
In base 7, what is -31 + 4?
-24
In base 15, what is 1a - -7?
22
In base 13, what is -89 - -1?
-88
In base 6, what is 1334 + -5?
1325
In base 9, what is -304 + -1?
-305
In base 13, what is -4 + 23?
1c
In base 11, what is -1 + 10a?
109
In base 14, what is 8b8 + 2?
8ba
In base 16, what is -5 - a16?
-a1b
In base 2, what is 11110001 - -100?
11110101
In base 3, what is -21202 - 10?
-21212
In base 11, what is 0 + 820?
820
In base 13, what is 6 + 0?
6
In base 2, what is -1001010010 - -101?
-1001001101
In base 15, what is 2 - -15?
17
In base 8, what is 13450 - 0?
13450
In base 12, what is -564 + 19?
-547
In base 7, what is 51 + 6?
60
In base 5, what is 33113 - 1?
33112
In base 15, what is 1 - -cb?
cc
In base 6, what is 10 - -134?
144
In base 5, what is -10402 - 13?
-10420
In base 7, what is 0 - 221?
-221
In base 15, what is 0 + 50?
50
In base 4, what is -11 - 12?
-23
In base 11, what is -35 - -6?
-2a
In base 3, what is -2 - -20100120?
20100111
In base 14, what is 5 - 13?
-c
In base 12, what is -437 - -5?
-432
In base 7, what is 2 - -1302?
1304
In base 15, what is -4 + -4e?
-53
In base 9, what is -5 + -743?
-748
In base 12, what is 9 + -41?
-34
In base 10, what is 10 - -589?
599
In base 10, what is 48 + 101?
149
In base 4, what is 23 + -31313?
-31230
In base 10, what is -4 + -269?
-273
In base 12, what is -10 - 635?
-645
In base 13, what is -5 + -629?
-631
In base 5, what is -141 - 24?
-220
In base 12, what is 1645 + 3?
1648
In base 10, what is 128 + -8?
120
In base 12, what is -2 - -185?
183
In base 14, what is c + 100?
10c
In base 15, what is 11 - -28?
39
In base 11, what is 5 - 74?
-6a
In base 2, what is 0 + 101011100010?
101011100010
In base 4, what is 1001 - -33?
1100
In base 7, what is 6 + 1560?
1566
In base 2, what is -101 - 110000001?
-110000110
In base 5, what is 24202 - -4?
24211
In base 6, what is 0 - -2335?
2335
In base 8, what is -2 - -7?
5
In base 14, what is -1a + -1c?
-38
In base 8, what is 3 - 64?
-61
In base 7, what is -16 + -1056?
-1105
In base 11, what is 35aa - 3?
35a7
In base 6, what is -4022 - 1?
-4023
In base 9, what is -81 - -35?
-45
In base 7, what is -26 - 240?
-266
In base 3, what is 12 + 2121?
2210
In base 10, what is 11 - 21?
-10
In base 12, what is -6 - -2658?
2652
In base 3, what is 11122000 - 1?
11121222
In base 8, what is 2 + -307?
-305
In base 16, what is -73 - -e?
-65
In base 4, what is -10 + -2001?
-2011
In base 16, what is -25 - -5?
-20
In base 6, what is -2245 - -3?
-2242
In base 9, what is -21 - 22?
-43
In base 9, what is -14 + -11?
-25
In base 9, what is -2 - -262?
260
In base 9, what is -2 + 484?
482
In base 5, what is 0 - 20122?
-20122
In base 13, what is 3 + 27?
2a
In base 7, what is 2 + -13?
-11
In base 12, what is b1 - 98?
15
In base 15, what is -5 + -160c?
-1612
In base 15, what is e + 14?
23
In base 15, what is -8 + 93?
8a
In base 6, what is -44 + 3134?
3050
In base 3, what is 20 + -200?
-110
In base 6, what is 153 - -11?
204
In base 8, what is 463 - 1?
462
In base 13, what is -86 + -20?
-a6
In base 16, what is -12 + -2d?
-3f
In base 2, what is -10001 - -10110010?
10100001
In base 11, what is 0 + -5?
-5
In base 13, what is 171 - 1?
170
In base 8, what is -45266 + 2?
-45264
In base 14, what is -b + -4?
-11
In base 13, what is -5 + -119?
-121
In base 2, what is -1100101 + 101?
-1100000
In base 10, what is 1067 + 2?
1069
In base 16, what is 60 + 7?
67
In base 9, what is -7 + -166?
-174
In base 3, what is 1 - 112?
-111
In base 14, what is 2 - -457?
459
In base 16, what is 1b + -f?
c
In base 8, what is -27 + 53?
24
In base 12, what is 213 + 1?
214
In base 13, what is -5 - -4?
-1
In base 14, what is -4 + 337?
333
In base 9, what is -3 - -5352?
5348
In base 2, what is -110 + -111111?
-1000101
In base 8, what is 164 - 6?
1